at is the remainder when 36 is divided by o?
17
Let a(u) = 3*u - 7. Let l be a(3). Suppose l*f = -3 - 1. What is the remainder when (-124)/(-6)*(-3)/f is divided by 11?
9
Let q(b) = -b + 61. Let c be q(-12). Let n = -64 + c. What is the remainder when n is divided by 7?
2
Suppose 3*j + 48 = -63. Let n = j + 72. Calculate the remainder when n is divided by 12.
11
Let m be 1*-54*(-1)/(-2). Let u = m + 24. What is the remainder when ((-210)/(-40))/(u/(-32)) is divided by 29?
27
Let n = -155 - -167. What is the remainder when 23 is divided by n?
11
Let l = -222 - -429. Calculate the remainder when l is divided by 16.
15
Suppose -3*g + 2*j = -55, -3*j - 32 = -4*g + 41. Let x(w) = w + 34. Let z be x(-6). Suppose 27 = 5*l - z. What is the remainder when g is divided by l?
8
Let k be 8/6 - 2/(-3). Suppose 0*q - k*q = -112. Calculate the remainder when q is divided by 29.
27
Let l = 20 - 4. Suppose -7 = -5*y - 3*q + 10, -4*q = -l. Calculate the remainder when (y + -3)/(8/(-444)) is divided by 28.
27
What is the remainder when 620 is divided by (-2 + -7 - -2) + 1*76?
68
Let c = -543 + 556. Calculate the remainder when 191 is divided by c.
9
Let v = -29 + 50. Suppose v + 19 = 4*m. Calculate the remainder when 57 is divided by m.
7
Let s(b) = 2*b - 4. Let r be s(3). Suppose -2*n + c = -32, -n + 3*n - r*c - 34 = 0. Calculate the remainder when 3 + -4 - 2/(-4)*118 is divided by n.
13
Suppose -2 = -c, 4*d - 2*c - c - 42 = 0. Let m be 0/(3*(-8)/d). Suppose m + 4 = h. What is the remainder when 13 is divided by h?
1
Suppose 3*d - 8*d = -40. Suppose 2*k - 3*g + 2*g - d = 0, -19 = -5*k + 3*g. Let q(y) = 7*y - 5. Calculate the remainder when 88 is divided by q(k).
28
Let p = 188 - 93. Calculate the remainder when p is divided by 20.
15
Suppose -x + 0 = 24. Let j = 46 - x. Let t = 125 - j. Calculate the remainder when t is divided by 14.
13
Suppose 3*g = 2*s - 279, 3*g = -2*s + 7*g + 284. Let r(b) = -b**2 - 13*b + 27. Calculate the remainder when s is divided by r(-13).
24
Suppose -5*l - 40 = 2*g, -4*g - 7 = 2*l + 25. Let x(f) = f**3 + 6*f**2 - 2*f - 6. Let v = 27 + -18. Calculate the remainder when v is divided by x(l).
3
Suppose 4*b = 0, -s + 4*b + 106 = -2*s. Let c = -9 - s. Calculate the remainder when c is divided by 11.
9
Let a(g) be the second derivative of g**5/20 + 5*g**4/12 + g**3/3 - 5*g**2/2 + 2*g. Calculate the remainder when a(-4) is divided by 3*((-1)/(-2) - 21/(-126)).
1
Let x(l) = l + 3. Let a be x(0). Suppose 0 = r - 3*r, -9 = a*h + 5*r. Let d(b) = -b + 1. Calculate the remainder when 5 is divided by d(h).
1
Let f = -13 - -19. Let n(d) = d + 6. Calculate the remainder when 46 is divided by n(f).
10
Let g = -351 - -504. Calculate the remainder when g is divided by 14.
13
Let v(k) = -k**2 + 14*k - 11. Suppose 0 = 8*u - 3 - 45. What is the remainder when v(u) is divided by 8?
5
Suppose -11*y + 17 = -5. Suppose 0*b - y*b = -20. Calculate the remainder when 88 is divided by b.
8
Suppose 22*p = 21*p - 26. Let v = p - -39. What is the remainder when 114 is divided by v?
10
Let s(j) = j + 23. Let z be s(-16). Let k(f) = 16*f + 6. What is the remainder when k(z) is divided by 24?
22
Let s(m) = -23*m - 1 + 1. Calculate the remainder when (47 - 1) + 0 - 180/60 is divided by s(-1).
20
Suppose 60 = 4*l + l. Suppose 21*i + 143 = 1298. What is the remainder when i is divided by l?
7
Let f(q) = q**2 - 6*q + 3. Let r be f(6). Suppose -3*b + r*n + 291 = 0, -110 + 9 = -b + 5*n. Calculate the remainder when b is divided by 33.
30
Let i(m) = -2*m**2 - 25*m - 13. What is the remainder when 288 is divided by i(-8)?
52
Suppose 0 = 2*r - 6*r + 68. Let n(c) = 5*c - 48. Suppose 0 = -0*o - 5*o + 95. What is the remainder when n(o) is divided by r?
13
Let x(l) = -l**3 - 2*l**2 + 2. Let g be x(-2). Suppose 4*w + 2 = g*w. Calculate the remainder when 74 is divided by (-18)/(-6) + (-16)/w.
17
Let t = -15 + 93. Calculate the remainder when t is divided by (1 + 14)*207/115.
24
Suppose 10*j + 232 = 14*j. What is the remainder when 127 is divided by j?
11
Suppose -31*b = -87*b + 42*b + 84. Calculate the remainder when 4/(-2) - (-30 - -1) is divided by b.
3
Let a(m) = 16*m**2 - 1. Suppose -15 = -2*s + 5*w, 0*s + w = -4*s - 25. Let v(x) = x + 14. Calculate the remainder when a(1) is divided by v(s).
6
Let q(y) = -2*y**3 - 2*y**2 + 2*y + 8. Suppose -k - 17 = 2*b - 68, 3*b - 4*k - 49 = 0. What is the remainder when b is divided by q(-2)?
11
Suppose 8*c = 4*c. Suppose c = b + o - 8, -5*b - 4*o + 37 = -0*b. Suppose -25 - 105 = -b*f. Calculate the remainder when f is divided by 7.
5
Suppose 0 = 3*u + 11*l - 8*l - 1749, 4*l - 1162 = -2*u. What is the remainder when u is divided by 42?
39
Let q(x) = -55*x + 1. Suppose -a = -0*a - 160. Suppose 8*k - a = 3*k + 3*t, 2*t + 10 = 0. Calculate the remainder when q(-1) is divided by k.
27
Let j = -293 - -304. Let l be (-3)/(9/6) + -1. Let v = 71 - l. What is the remainder when v is divided by j?
8
Let v = -176 - -60. Let x = v + 229. What is the remainder when x is divided by 23?
21
Suppose 0 = -0*n + 2*n - g - 22, n - 9 = g. Suppose 4*a + 3*y - 25 = 0, 4*a - 19 = -5*y + 4*y. Calculate the remainder when n is divided by a.
1
Suppose -5*q + 63 = -2*q. Let u = -18 + q. Calculate the remainder when 41 is divided by (u/(-6))/((-6)/132).
8
What is the remainder when 515*(-15)/(-20) - 6/24 is divided by 39?
35
Suppose 22*d - 25*d + 105 = 0. Let b = 38 + d. What is the remainder when b is divided by 15?
13
Suppose -26*b + 1402 = -16486. Calculate the remainder when b is divided by 115.
113
Let f(q) = -4*q**3 + 2*q**2 - q. Let b be f(1). Let n(i) = -18*i + 6. Let v be n(b). Calculate the remainder when (v/18)/((-4)/(-30)) is divided by 14.
11
Suppose 25*i = 18*i + 329. What is the remainder when i is divided by 26?
21
Suppose -q - 4*g + 43 = 0, 0 = -4*q - g - 81 + 253. Calculate the remainder when q is divided by 23.
20
Let m(c) = -5*c**3 + 2*c**2 + 7*c + 6. What is the remainder when m(-3) is divided by 36?
30
Suppose -5*d + 20 = 5*r, 4*d + 2*r - 2 = 14. Suppose d*z + 5*w - 2*w = -190, -8 = -4*w. Let c = -29 - z. Calculate the remainder when c is divided by 11.
9
Let k = 127 - 115. What is the remainder when 80 is divided by k?
8
Suppose -7*b + 238 + 119 = 0. What is the remainder when 251 is divided by b?
47
Let h(a) be the second derivative of -5*a**3/3 - 19*a**2 - 13*a. What is the remainder when h(-21) is divided by 44?
40
Suppose -4*i + 43 + 33 = -4*p, -3*p - 52 = 2*i. What is the remainder when p/27 + 131/3 - -2 is divided by 23?
22
Let d = 266 + -113. Calculate the remainder when d is divided by (-5)/(20/6)*-26.
36
Let k(v) = -v + 1. Let n = 2228 - 2194. What is the remainder when n is divided by k(-4)?
4
Let a = 8 - 55. Let g = 78 + a. Calculate the remainder when 153 is divided by g.
29
Calculate the remainder when 153 is divided by (4 - -26)/(9/6).
13
Suppose -3*v - 2*y + 38 = 0, -5*v + 2*y - 11 + 69 = 0. Suppose -m + 7*m = v. Suppose 0 = -3*s + 15 - 0. What is the remainder when s is divided by m?
1
Suppose 3*o - 5*o = -8. Suppose 0*m + 2*m - o = 0. Suppose 9 = r + m. Calculate the remainder when 27 is divided by r.
6
Suppose 39*t = 41*t + 20. Let z(x) = -x**2 - 13*x + 23. What is the remainder when 100 is divided by z(t)?
47
Let m(w) = 3*w + 23. Let z be m(-13). What is the remainder when (-2)/(-8) - 268/z is divided by 5?
2
Let j = 17 - -11. Let d = -52 + 56. Suppose 52 = 4*u + d*o, 3*u - 4*o = -3*o + 47. Calculate the remainder when j is divided by u.
13
Let f = 7 + 5. Suppose f*n = 7*n + 2015. Calculate the remainder when 6/27 + n/9 is divided by 24.
21
Suppose 0 = 3*h - 5*m - 146, 3*m = -h + 25 + 5. Let i = -10 + -2. Let p = 27 + i. Calculate the remainder when h is divided by p.
12
Suppose -31 = -51*h + 50*h. Calculate the remainder when 103 is divided by h.
10
Let d = 85 + -42. Suppose -66 = -7*f + 6*f. Let u = f - 57. What is the remainder when d is divided by u?
7
Let g = 67 + -5. Suppose -2 + g = 4*p. Let k = 12 + -6. Calculate the remainder when p is divided by k.
3
Let x = -1749 + 1814. What is the remainder when 107 is divided by x?
42
Suppose 6 = -5*t + 26. Calculate the remainder when 106 is divided by (2 - t - 7)/((-3)/9).
25
Let y be -1 - (9 - (7 + -3)). Let f be (y - (0 + -4)) + 2. Suppose f*g = -4*q - g + 344, -8 = 2*g. 